{"id":29,"date":"2024-11-04T04:30:26","date_gmt":"2024-11-04T04:30:26","guid":{"rendered":"https:\/\/gaviaspreview.com\/wp\/homirx\/?page_id=29"},"modified":"2025-03-11T11:53:29","modified_gmt":"2025-03-11T16:53:29","slug":"empresa","status":"publish","type":"page","link":"https:\/\/casascuencainmobiliaria.com\/cci\/empresa\/","title":{"rendered":"Empresa"},"content":{"rendered":"\t\t<div data-elementor-type=\"wp-page\" data-elementor-id=\"29\" class=\"elementor elementor-29\" data-elementor-post-type=\"page\">\n\t\t\t\t<div class=\"elementor-element elementor-element-27b6231 e-flex e-con-boxed e-con e-parent\" data-id=\"27b6231\" data-element_type=\"container\" data-settings=\"{&quot;background_background&quot;:&quot;classic&quot;}\">\n\t\t\t\t\t<div class=\"e-con-inner\">\n\t\t<div class=\"elementor-element elementor-element-31d7643 e-con-full e-flex e-con e-child\" data-id=\"31d7643\" data-element_type=\"container\">\n\t\t\t\t<div class=\"elementor-element elementor-element-65075b9 over-hidden elementor-widget elementor-widget-gva_post_breadcrumb\" data-id=\"65075b9\" data-element_type=\"widget\" data-widget_type=\"gva_post_breadcrumb.default\">\n\t\t\t\t<div class=\"elementor-widget-container\">\n\t\t\t\t\t<div class=\"gva-element-gva_post_breadcrumb gva-element\">   \r\n<div class=\"post-breadcrumb\">\r\n   <div class=\"custom-breadcrumb \" >\r\n            <div class=\"breadcrumb-main\">\r\n        <div class=\"container\">\r\n          <div class=\"breadcrumb-container-inner\">\r\n            <h2 class=\"heading-title\">Empresa<\/h2><ol class=\"breadcrumb\"><li><a href=\"https:\/\/casascuencainmobiliaria.com\/cci\">Home<\/a> <\/li> <li class=\"active\">P\u00e1gina<\/li><\/ol>          <\/div>  \r\n        <\/div>   \r\n      <\/div>  \r\n   <\/div>\r\n<\/div>      \r\n\r\n<\/div>\t\t\t\t<\/div>\n\t\t\t\t<\/div>\n\t\t\t\t<\/div>\n\t\t\t\t\t<\/div>\n\t\t\t\t<\/div>\n\t\t<div class=\"elementor-element elementor-element-2366d61 e-flex e-con-boxed e-con e-parent\" data-id=\"2366d61\" data-element_type=\"container\">\n\t\t\t\t\t<div class=\"e-con-inner\">\n\t\t<div class=\"elementor-element elementor-element-9784ec0 e-con-full e-flex e-con e-child\" data-id=\"9784ec0\" data-element_type=\"container\">\n\t\t<div class=\"elementor-element elementor-element-917c6ff e-con-full e-flex e-con e-child\" data-id=\"917c6ff\" data-element_type=\"container\">\n\t\t\t\t<div class=\"elementor-element elementor-element-6b55174 elementor-widget elementor-widget-gva-career-block\" data-id=\"6b55174\" data-element_type=\"widget\" data-widget_type=\"gva-career-block.default\">\n\t\t\t\t<div class=\"elementor-widget-container\">\n\t\t\t\t\t<div class=\"gva-element-gva-career-block gva-element\">   <div class=\"gsc-career\">\r\n\r\n      <div class=\"box-content clearfix\">\r\n                  \r\n                     <h2 class=\"title\">\r\n              Historia            <\/h2>\r\n         \r\n         <div class=\"box-information clearfix\">\r\n            <ul>\r\n                                          <\/ul>\r\n         <\/div>\r\n\r\n         <div class=\"job-desc\"><!DOCTYPE html>\n<html lang=\"es\">\n<head>\n    <meta charset=\"UTF-8\">\n    <meta name=\"viewport\" content=\"width=device-width, initial-scale=1.0\">\n    <title>Justificaci\u00f3n de Texto<\/title>\n    <style>\n        .justificado {\n            text-align: justify;\n        }\n    <\/style>\n<\/head>\n<body>\n    <p class=\"justificado\">\n\nSomos una empresa l\u00edder en el sector inmobiliario con m\u00e1s de 10 a\u00f1os de experiencia, contamos con el mejor equipo de trabajo, brindamos asesor\u00eda en la decisi\u00f3n de compra, venta y alquiler de inmuebles, garantizando su inversi\u00f3n a trav\u00e9s de una operaci\u00f3n confiable y segura. <br>\nAsesoramos clientes, empresas e instituciones que deseen una propiedad, ya sea a cr\u00e9dito o al contado con el fin de lograr satisfacer sus necesidades.<\/div>\r\n         \r\n\r\n      <\/div>   \r\n   <\/div>\r\n<\/div>\t\t\t\t<\/div>\n\t\t\t\t<\/div>\n\t\t\t\t<\/div>\n\t\t\t\t<\/div>\n\t\t<div class=\"elementor-element elementor-element-3d77631 e-con-full e-flex e-con e-child\" data-id=\"3d77631\" data-element_type=\"container\">\n\t\t<div class=\"elementor-element elementor-element-0fdabca e-con-full e-flex e-con e-child\" data-id=\"0fdabca\" data-element_type=\"container\">\n\t\t\t\t<div class=\"elementor-element elementor-element-47c3b8c elementor-widget elementor-widget-gva-career-block\" data-id=\"47c3b8c\" data-element_type=\"widget\" data-widget_type=\"gva-career-block.default\">\n\t\t\t\t<div class=\"elementor-widget-container\">\n\t\t\t\t\t<div class=\"gva-element-gva-career-block gva-element\">   <div class=\"gsc-career\">\r\n\r\n      <div class=\"box-content clearfix\">\r\n                  \r\n                     <h2 class=\"title\">\r\n              Misi\u00f3n            <\/h2>\r\n         \r\n         <div class=\"box-information clearfix\">\r\n            <ul>\r\n                                          <\/ul>\r\n         <\/div>\r\n\r\n         <div class=\"job-desc\"><!DOCTYPE html>\n<html lang=\"es\">\n<head>\n    <meta charset=\"UTF-8\">\n    <meta name=\"viewport\" content=\"width=device-width, initial-scale=1.0\">\n    <title>Justificaci\u00f3n de Texto<\/title>\n    <style>\n        .justificado {\n            text-align: justify;\n        }\n    <\/style>\n<\/head>\n<body>\n    <p class=\"justificado\">\nNuestra misi\u00f3n\nes ayudar a nuestros clientes a tomar la decisi\u00f3n m\u00e1s adecuada en sus operaciones\ninmobiliarias, facilitando la compra, venta o alquiler de inmuebles en el menor tiempo\nposible, al mejor precio de mercado, protegiendo legalmente el patrimonio de todas las\npartes, con transparencia y confiabilidad y contribuyendo a la mejora de la calidad de\nvida de nuestros clientes, nuestros colaboradores y nuestro entorno.<\/div>\r\n         \r\n\r\n      <\/div>   \r\n   <\/div>\r\n<\/div>\t\t\t\t<\/div>\n\t\t\t\t<\/div>\n\t\t\t\t<\/div>\n\t\t\t\t<\/div>\n\t\t<div class=\"elementor-element elementor-element-303c2f3 e-con-full e-flex e-con e-child\" data-id=\"303c2f3\" data-element_type=\"container\">\n\t\t<div class=\"elementor-element elementor-element-8023fc0 e-con-full e-flex e-con e-child\" data-id=\"8023fc0\" data-element_type=\"container\">\n\t\t\t\t<div class=\"elementor-element elementor-element-5882683 elementor-widget elementor-widget-gva-career-block\" data-id=\"5882683\" data-element_type=\"widget\" data-widget_type=\"gva-career-block.default\">\n\t\t\t\t<div class=\"elementor-widget-container\">\n\t\t\t\t\t<div class=\"gva-element-gva-career-block gva-element\">   <div class=\"gsc-career\">\r\n\r\n      <div class=\"box-content clearfix\">\r\n                  \r\n                     <h2 class=\"title\">\r\n              Visi\u00f3n            <\/h2>\r\n         \r\n         <div class=\"box-information clearfix\">\r\n            <ul>\r\n                                          <\/ul>\r\n         <\/div>\r\n\r\n         <div class=\"job-desc\"><!DOCTYPE html>\n<html lang=\"es\">\n<head>\n    <meta charset=\"UTF-8\">\n    <meta name=\"viewport\" content=\"width=device-width, initial-scale=1.0\">\n    <title>Justificaci\u00f3n de Texto<\/title>\n    <style>\n        .justificado {\n            text-align: justify;\n        }\n    <\/style>\n<\/head>\n<body>\n    <p class=\"justificado\">\nSer una empresa de servicios l\u00edder en Cuenca, y en continuo crecimiento, que se\ndistinga por proporcionar una calidad de servicio excelente a sus clientes, ofreciendo\nservicios personalizados sobre la base de la confianza, el trabajo, la seriedad y la\ntrayectoria, todo ello en busca de maximizar el valor de las inversiones de nuestros\nclientes y la total satisfacci\u00f3n de sus necesidades, con una ampliaci\u00f3n de oportunidades\nde desarrollo profesional y personal para nuestros colaboradores y una contribuci\u00f3n\npositiva a la sociedad.<\/div>\r\n         \r\n\r\n      <\/div>   \r\n   <\/div>\r\n<\/div>\t\t\t\t<\/div>\n\t\t\t\t<\/div>\n\t\t\t\t<\/div>\n\t\t\t\t<\/div>\n\t\t\t\t\t<\/div>\n\t\t\t\t<\/div>\n\t\t<div class=\"elementor-element elementor-element-152df59 e-flex e-con-boxed e-con e-parent\" data-id=\"152df59\" data-element_type=\"container\">\n\t\t\t\t\t<div class=\"e-con-inner\">\n\t\t\t\t<div class=\"elementor-element elementor-element-2b0286d elementor-widget elementor-widget-heading\" data-id=\"2b0286d\" data-element_type=\"widget\" data-widget_type=\"heading.default\">\n\t\t\t\t<div class=\"elementor-widget-container\">\n\t\t\t\t\t<h2 class=\"elementor-heading-title elementor-size-default\">\u2502NUESTRO EQUIPO<\/h2>\t\t\t\t<\/div>\n\t\t\t\t<\/div>\n\t\t\t\t\t<\/div>\n\t\t\t\t<\/div>\n\t\t<div class=\"elementor-element elementor-element-aa28aeb e-flex e-con-boxed e-con e-parent\" data-id=\"aa28aeb\" data-element_type=\"container\" data-settings=\"{&quot;background_background&quot;:&quot;classic&quot;}\">\n\t\t\t\t\t<div class=\"e-con-inner\">\n\t\t<div class=\"elementor-element elementor-element-bdf66a9 e-con-full e-flex e-con e-child\" data-id=\"bdf66a9\" data-element_type=\"container\">\n\t\t\t\t<div class=\"elementor-element elementor-element-6eb34f6 elementor-widget__width-initial elementor-widget elementor-widget-gva-team\" data-id=\"6eb34f6\" data-element_type=\"widget\" data-widget_type=\"gva-team.default\">\n\t\t\t\t<div class=\"elementor-widget-container\">\n\t\t\t\t\t<div class=\"gva-element-gva-team gva-element\">\r\n<div class=\"swiper-slider-wrapper gsc-team layout-carousel \">\r\n   <div class=\"swiper-content-inner\">   \r\n      <div class=\"init-carousel-swiper swiper\" data-carousel=\"{&quot;items&quot;:4,&quot;items_lg&quot;:4,&quot;items_md&quot;:2,&quot;items_sm&quot;:2,&quot;items_xs&quot;:1,&quot;items_xx&quot;:1,&quot;effect&quot;:&quot;slide&quot;,&quot;space_between&quot;:30,&quot;loop&quot;:1,&quot;speed&quot;:600,&quot;autoplay&quot;:1,&quot;autoplay_delay&quot;:4500,&quot;autoplay_hover&quot;:1,&quot;navigation&quot;:1,&quot;pagination&quot;:0,&quot;dynamic_bullets&quot;:0,&quot;pagination_type&quot;:&quot;bullets&quot;}\">\r\n         <div class=\"swiper-wrapper\">\r\n                           <div class=\"swiper-slide\">\r\n                  \r\n   <div class=\"team-two__single\">\r\n               <div class=\"team-two__image\">\r\n            <img decoding=\"async\" src=\"https:\/\/casascuencainmobiliaria.com\/cci\/wp-content\/uploads\/2025\/02\/vini.jpg\" alt=\"\" \/>  \r\n            \r\n         <\/div>\r\n        \r\n      <div class=\"team-two__content\">\r\n      \t         <div class=\"team-two__social-links\">\r\n                     <\/div>\r\n         <div class=\"team-two__content-inner\">\r\n                           <h3 class=\"team-two__name\">\r\n                  Cbr. Vinicio Bola\u00f1os   \r\n               <\/h3>\r\n                                       <div class=\"team-two__job\">GERENTE GENERAL<\/div>\r\n                                       <div class=\"team-two__desc\">Perito Valuador <br>PVC-2023-02374\n<\/div>\r\n                     <\/div>\r\n      <\/div>\r\n   <\/div>      \r\n               <\/div>\r\n                           <div class=\"swiper-slide\">\r\n                  \r\n   <div class=\"team-two__single\">\r\n               <div class=\"team-two__image\">\r\n            <img decoding=\"async\" src=\"https:\/\/casascuencainmobiliaria.com\/cci\/wp-content\/uploads\/2025\/02\/andrea-1.jpg\" alt=\"\" \/>  \r\n            \r\n         <\/div>\r\n        \r\n      <div class=\"team-two__content\">\r\n      \t         <div class=\"team-two__social-links\">\r\n                     <\/div>\r\n         <div class=\"team-two__content-inner\">\r\n                           <h3 class=\"team-two__name\">\r\n                  Andrea M\u00e9ndez   \r\n               <\/h3>\r\n                                                   <div class=\"team-two__desc\">GERENTE COMERCIAL<\/div>\r\n                     <\/div>\r\n      <\/div>\r\n   <\/div>      \r\n               <\/div>\r\n                           <div class=\"swiper-slide\">\r\n                  \r\n   <div class=\"team-two__single\">\r\n               <div class=\"team-two__image\">\r\n            <img decoding=\"async\" src=\"https:\/\/casascuencainmobiliaria.com\/cci\/wp-content\/uploads\/2025\/02\/maria.jpg\" alt=\"\" \/>  \r\n            \r\n         <\/div>\r\n        \r\n      <div class=\"team-two__content\">\r\n      \t         <div class=\"team-two__social-links\">\r\n                     <\/div>\r\n         <div class=\"team-two__content-inner\">\r\n                           <h3 class=\"team-two__name\">\r\n                  Mar\u00eda Malla   \r\n               <\/h3>\r\n                                                   <div class=\"team-two__desc\">ASISTENTE OFICINA<\/div>\r\n                     <\/div>\r\n      <\/div>\r\n   <\/div>      \r\n               <\/div>\r\n                           <div class=\"swiper-slide\">\r\n                  \r\n   <div class=\"team-two__single\">\r\n               <div class=\"team-two__image\">\r\n            <img decoding=\"async\" src=\"https:\/\/casascuencainmobiliaria.com\/cci\/wp-content\/uploads\/2025\/03\/marcelo0.jpg\" alt=\"\" \/>  \r\n            \r\n         <\/div>\r\n        \r\n      <div class=\"team-two__content\">\r\n      \t         <div class=\"team-two__social-links\">\r\n                     <\/div>\r\n         <div class=\"team-two__content-inner\">\r\n                           <h3 class=\"team-two__name\">\r\n                  Arq. Marcelo L\u00f3pez   \r\n               <\/h3>\r\n                                                   <div class=\"team-two__desc\">ASESOR<\/div>\r\n                     <\/div>\r\n      <\/div>\r\n   <\/div>      \r\n               <\/div>\r\n                           <div class=\"swiper-slide\">\r\n                  \r\n   <div class=\"team-two__single\">\r\n               <div class=\"team-two__image\">\r\n            <img decoding=\"async\" src=\"https:\/\/casascuencainmobiliaria.com\/cci\/wp-content\/uploads\/2025\/03\/santiago.jpg\" alt=\"\" \/>  \r\n            \r\n         <\/div>\r\n        \r\n      <div class=\"team-two__content\">\r\n      \t         <div class=\"team-two__social-links\">\r\n                     <\/div>\r\n         <div class=\"team-two__content-inner\">\r\n                           <h3 class=\"team-two__name\">\r\n                  Santiago L\u00f3pez   \r\n               <\/h3>\r\n                                                   <div class=\"team-two__desc\">ASESOR<\/div>\r\n                     <\/div>\r\n      <\/div>\r\n   <\/div>      \r\n               <\/div>\r\n                           <div class=\"swiper-slide\">\r\n                  \r\n   <div class=\"team-two__single\">\r\n               <div class=\"team-two__image\">\r\n            <img decoding=\"async\" src=\"https:\/\/casascuencainmobiliaria.com\/cci\/wp-content\/uploads\/2025\/02\/silvana.jpg\" alt=\"\" \/>  \r\n            \r\n         <\/div>\r\n        \r\n      <div class=\"team-two__content\">\r\n      \t         <div class=\"team-two__social-links\">\r\n                     <\/div>\r\n         <div class=\"team-two__content-inner\">\r\n                           <h3 class=\"team-two__name\">\r\n                  Silvana Rubio   \r\n               <\/h3>\r\n                                                   <div class=\"team-two__desc\">ASESORA<\/div>\r\n                     <\/div>\r\n      <\/div>\r\n   <\/div>      \r\n               <\/div>\r\n                           <div class=\"swiper-slide\">\r\n                  \r\n   <div class=\"team-two__single\">\r\n               <div class=\"team-two__image\">\r\n            <img decoding=\"async\" src=\"https:\/\/casascuencainmobiliaria.com\/cci\/wp-content\/uploads\/2025\/02\/justin-1.jpg\" alt=\"\" \/>  \r\n            \r\n         <\/div>\r\n        \r\n      <div class=\"team-two__content\">\r\n      \t         <div class=\"team-two__social-links\">\r\n                     <\/div>\r\n         <div class=\"team-two__content-inner\">\r\n                           <h3 class=\"team-two__name\">\r\n                  Justin Bola\u00f1os   \r\n               <\/h3>\r\n                                                   <div class=\"team-two__desc\">ASESOR - MARKETING<\/div>\r\n                     <\/div>\r\n      <\/div>\r\n   <\/div>      \r\n               <\/div>\r\n                           <div class=\"swiper-slide\">\r\n                  \r\n   <div class=\"team-two__single\">\r\n               <div class=\"team-two__image\">\r\n            <img decoding=\"async\" src=\"https:\/\/casascuencainmobiliaria.com\/cci\/wp-content\/uploads\/2025\/02\/adir-1.jpg\" alt=\"\" \/>  \r\n            \r\n         <\/div>\r\n        \r\n      <div class=\"team-two__content\">\r\n      \t         <div class=\"team-two__social-links\">\r\n                     <\/div>\r\n         <div class=\"team-two__content-inner\">\r\n                           <h3 class=\"team-two__name\">\r\n                  Adir Pozo   \r\n               <\/h3>\r\n                                                   <div class=\"team-two__desc\">PUBLICIDAD<\/div>\r\n                     <\/div>\r\n      <\/div>\r\n   <\/div>      \r\n               <\/div>\r\n                     <\/div> \r\n      <\/div>\r\n   <\/div>   \r\n   <div class=\"swiper-pagination\"><\/div>   <div class=\"swiper-nav-next\"><\/div><div class=\"swiper-nav-prev\"><\/div><\/div>\r\n<\/div>\t\t\t\t<\/div>\n\t\t\t\t<\/div>\n\t\t\t\t<\/div>\n\t\t\t\t\t<\/div>\n\t\t\t\t<\/div>\n\t\t<div class=\"elementor-element elementor-element-8208f49 e-flex e-con-boxed e-con e-parent\" data-id=\"8208f49\" data-element_type=\"container\">\n\t\t\t\t\t<div class=\"e-con-inner\">\n\t\t\t\t<div class=\"elementor-element elementor-element-1365465 elementor-widget elementor-widget-heading\" data-id=\"1365465\" data-element_type=\"widget\" data-widget_type=\"heading.default\">\n\t\t\t\t<div class=\"elementor-widget-container\">\n\t\t\t\t\t<h6 class=\"elementor-heading-title elementor-size-default\">Comprar casa en Cuenca vender casa en Cuenca Departamento en Cuenca Suite en Cuenca Construir en Cuenca Terrenos en Cuenca Quintas Edificios Casa en Condominio Oficinas Casas Renteras Bienes Ra\u00edces Cuenca Ecuador<\/h6>\t\t\t\t<\/div>\n\t\t\t\t<\/div>\n\t\t\t\t\t<\/div>\n\t\t\t\t<\/div>\n\t\t\t\t<\/div>\n\t\t","protected":false},"excerpt":{"rendered":"<p>Empresa Home P\u00e1gina Historia Justificaci\u00f3n de Texto Somos una empresa l\u00edder en el sector inmobiliario con m\u00e1s de 10 a\u00f1os de experiencia, contamos con el mejor equipo de trabajo, brindamos [&hellip;]<\/p>\n","protected":false},"author":1,"featured_media":0,"parent":0,"menu_order":0,"comment_status":"closed","ping_status":"closed","template":"","meta":{"footnotes":""},"class_list":["post-29","page","type-page","status-publish","hentry"],"_links":{"self":[{"href":"https:\/\/casascuencainmobiliaria.com\/cci\/wp-json\/wp\/v2\/pages\/29","targetHints":{"allow":["GET"]}}],"collection":[{"href":"https:\/\/casascuencainmobiliaria.com\/cci\/wp-json\/wp\/v2\/pages"}],"about":[{"href":"https:\/\/casascuencainmobiliaria.com\/cci\/wp-json\/wp\/v2\/types\/page"}],"author":[{"embeddable":true,"href":"https:\/\/casascuencainmobiliaria.com\/cci\/wp-json\/wp\/v2\/users\/1"}],"replies":[{"embeddable":true,"href":"https:\/\/casascuencainmobiliaria.com\/cci\/wp-json\/wp\/v2\/comments?post=29"}],"version-history":[{"count":115,"href":"https:\/\/casascuencainmobiliaria.com\/cci\/wp-json\/wp\/v2\/pages\/29\/revisions"}],"predecessor-version":[{"id":1732,"href":"https:\/\/casascuencainmobiliaria.com\/cci\/wp-json\/wp\/v2\/pages\/29\/revisions\/1732"}],"wp:attachment":[{"href":"https:\/\/casascuencainmobiliaria.com\/cci\/wp-json\/wp\/v2\/media?parent=29"}],"curies":[{"name":"wp","href":"https:\/\/api.w.org\/{rel}","templated":true}]}}