{"id":1421,"date":"2025-02-27T12:00:17","date_gmt":"2025-02-27T17:00:17","guid":{"rendered":"https:\/\/casascuencainmobiliaria.com\/cci\/?page_id=1421"},"modified":"2025-02-27T12:06:21","modified_gmt":"2025-02-27T17:06:21","slug":"construcciones","status":"publish","type":"page","link":"https:\/\/casascuencainmobiliaria.com\/cci\/construcciones\/","title":{"rendered":"Construcciones"},"content":{"rendered":"\t\t<div data-elementor-type=\"wp-page\" data-elementor-id=\"1421\" class=\"elementor elementor-1421\" data-elementor-post-type=\"page\">\n\t\t\t\t<div class=\"elementor-element elementor-element-9c665e3 e-flex e-con-boxed e-con e-parent\" data-id=\"9c665e3\" data-element_type=\"container\" data-settings=\"{&quot;background_background&quot;:&quot;classic&quot;}\">\n\t\t\t\t\t<div class=\"e-con-inner\">\n\t\t<div class=\"elementor-element elementor-element-40a8922 e-con-full e-flex e-con e-child\" data-id=\"40a8922\" data-element_type=\"container\">\n\t\t\t\t<div class=\"elementor-element elementor-element-93bcea9 elementor-widget elementor-widget-gva-heading-block\" data-id=\"93bcea9\" data-element_type=\"widget\" data-widget_type=\"gva-heading-block.default\">\n\t\t\t\t<div class=\"elementor-widget-container\">\n\t\t\t\t\t<div class=\"gva-element-gva-heading-block gva-element\">\r\n   <div class=\"align-center style-1 widget gsc-heading box-align-left auto-responsive\">\r\n      \r\n      <div class=\"content-inner\">\r\n                  \r\n           \r\n         \r\n                     <h2 class=\"title\">\r\n               <span>Construcciones<\/span>\r\n            <\/h2>\r\n                  \r\n         \r\n               <\/div>\r\n\r\n   <\/div>\r\n\r\n<\/div>\t\t\t\t<\/div>\n\t\t\t\t<\/div>\n\t\t\t\t<\/div>\n\t\t\t\t\t<\/div>\n\t\t\t\t<\/div>\n\t\t<div class=\"elementor-element elementor-element-a908ab9 e-flex e-con-boxed e-con e-parent\" data-id=\"a908ab9\" data-element_type=\"container\" data-settings=\"{&quot;background_background&quot;:&quot;classic&quot;}\">\n\t\t\t\t\t<div class=\"e-con-inner\">\n\t\t\t\t<div class=\"elementor-element elementor-element-81fb279 property-block-style-4 list-col-2 card-info-show view-as-show elementor-widget elementor-widget-gva-archive-listing\" data-id=\"81fb279\" data-element_type=\"widget\" data-widget_type=\"gva-archive-listing.default\">\n\t\t\t\t<div class=\"elementor-widget-container\">\n\t\t\t\t\t<div class=\"gva-element-gva-archive-listing gva-element property-block-style-4\"><!-- directorist-shortcode:: [ directorist_all_listing] -->\n<div class=\"directorist-archive-contents directorist-contents-wrap directorist-w-100 directorist-instant-search\"data-atts=\"{&quot;advanced_filter&quot;:&quot;yes&quot;,&quot;view&quot;:&quot;grid&quot;,&quot;map_height&quot;:&quot;500&quot;,&quot;columns&quot;:&quot;3&quot;,&quot;listings_per_page&quot;:&quot;9&quot;,&quot;show_pagination&quot;:&quot;yes&quot;,&quot;category&quot;:&quot;construcciones&quot;,&quot;tag&quot;:&quot;&quot;,&quot;location&quot;:&quot;azogues,canar,chordeleg,cuenca,deleg,giron,gualaceo,guayaquil,hornapala,launion,paute,playas,quito,salinas,santaisabel,yunguilla&quot;,&quot;featured_only&quot;:&quot;no&quot;,&quot;popular_only&quot;:&quot;no&quot;,&quot;logged_in_user_only&quot;:&quot;no&quot;,&quot;display_preview_image&quot;:&quot;yes&quot;,&quot;orderby&quot;:&quot;date&quot;,&quot;order&quot;:&quot;desc&quot;,&quot;sidebar&quot;:&quot;no_sidebar&quot;,&quot;directory_type&quot;:&quot;venta&quot;,&quot;default_directory_type&quot;:&quot;venta&quot;,&quot;_current_page&quot;:&quot;listing&quot;}\">\n\t<div class=\"listing-with-sidebar archive-search-top\">\n\t\t<div class=\"directorist-container\">\n\t\t\t<div class=\"listing-search-top__wrapper\">\n\t\t\t\t<div class=\"listing-search-top__type-nav\">\n\t\t\t\t\t\t\t\t\t<\/div>\n\t\t\t\t\n\t\t\t\t<div class=\"listing-search-top__searchform\">\n\t\t\t\t\t<div class=searchform__basic>\n\t\t\t\t\t\t\n<form action=\"https:\/\/casascuencainmobiliaria.com\/cci\/search-result\/\" class=\"directorist-search-form directorist-basic-search\">\n    <div class=\"directorist-search-form__box\">\n        <div class=\"directorist-search-form-top directorist-flex directorist-align-center directorist-search-form-inline directorist-search-form__top\">\n            <input type=\"hidden\" name='directory_type' value='venta'>\n            <div class=\"directorist-search-field directorist-form-group\">\n\t<div class=\"field-wrap\">\n\t\t<div class=\"field-title\">Keyword<\/div>\n\t\t<div class=\"field-content\">\n\t\t\t<div class=\"directorist-form-group directorist-search-query\">\n\t\t\t\t<input class=\"input-search-keywork\" type=\"text\" name=\"q\" value=\"\" placeholder=\"Ingresar c\u00f3digo\" >\n\t\t\t<\/div>\n\t\t<\/div>\n\t<\/div>\n<\/div><div class=\"directorist-search-field\">\n\t<div class=\"field-wrap\">\n\t\t<div class=\"field-title\">Categor\u00eda<\/div>\n\t\t<div class=\"field-content\">\n\t\t\t<div class=\"directorist-select directorist-search-category\">\n\t\t\t\t<select name=\"in_cat\" class=\"search_fields bdas-category-search directorist-category-select\" data-placeholder=\"Escoger\"  data-isSearch=\"true\" data-selected-id=\"\" data-selected-label=\"\">\n\t\t\t\t\t<option value=\"\">Escoger<\/option><option data-icon=\"\" data-custom-field=\"\" value=\"101\">Casas Familiares<\/option><option data-icon=\"\" data-custom-field=\"\" value=\"105\">Casas Renteras<\/option><option data-icon=\"\" data-custom-field=\"\" value=\"109\">Condominio<\/option><option data-icon=\"\" data-custom-field=\"\" value=\"122\">Construcciones<\/option><option data-icon=\"\" data-custom-field=\"\" value=\"103\">Cr\u00e9dito VIP<\/option><option data-icon=\"\" data-custom-field=\"\" value=\"102\">Departamentos<\/option><option data-icon=\"\" data-custom-field=\"\" value=\"110\">Edificios<\/option><option data-icon=\"\" data-custom-field=\"\" value=\"111\">Locales<\/option><option data-icon=\"\" data-custom-field=\"\" value=\"112\">Oficinas<\/option><option data-icon=\"\" data-custom-field=\"\" value=\"113\">Premium<\/option><option data-icon=\"\" data-custom-field=\"\" value=\"108\">Quintas Vacacionales<\/option><option data-icon=\"\" data-custom-field=\"\" value=\"106\">Suites<\/option><option data-icon=\"\" data-custom-field=\"\" value=\"107\">Terrenos<\/option>\t\t\t\t<\/select>\n\t\t\t<\/div>\n\t\t<\/div>\n\t<\/div>\n<\/div>\t<div class=\"directorist-search-field\">\n\t\t<div class=\"field-wrap\">\n\t\t\t<div class=\"field-title\">Ubicaci\u00f3n<\/div>\n\t\t\t<div class=\"field-content\">\n\t\t\t\t<div class=\"directorist-select directorist-search-location\">\n\t\t\t\t\t<select name=\"in_loc\" class=\"search_fields directorist-location-select\" data-placeholder=\"Escoger\"  data-isSearch=\"true\" data-selected-id=\"\" data-selected-label=\"\">\n\t\t\t\t\t\t<option value=\"\">Select Location<\/option><option data-icon=\"\" data-custom-field=\"\" value=\"93\">Azogues<\/option><option data-icon=\"\" data-custom-field=\"\" value=\"114\">Ca\u00f1ar<\/option><option data-icon=\"\" data-custom-field=\"\" value=\"119\">Chordeleg<\/option><option data-icon=\"\" data-custom-field=\"\" value=\"69\">Cuenca<\/option><option data-icon=\"\" data-custom-field=\"\" value=\"115\">D\u00e9leg<\/option><option data-icon=\"\" data-custom-field=\"\" value=\"89\">Gir\u00f3n<\/option><option data-icon=\"\" data-custom-field=\"\" value=\"88\">Gualaceo<\/option><option data-icon=\"\" data-custom-field=\"\" value=\"120\">Guayaquil<\/option><option data-icon=\"\" data-custom-field=\"\" value=\"116\">Hornapala<\/option><option data-icon=\"\" data-custom-field=\"\" value=\"92\">La Uni\u00f3n<\/option><option data-icon=\"\" data-custom-field=\"\" value=\"87\">Paute<\/option><option data-icon=\"\" data-custom-field=\"\" value=\"118\">Playas Villamil<\/option><option data-icon=\"\" data-custom-field=\"\" value=\"117\">Quito<\/option><option data-icon=\"\" data-custom-field=\"\" value=\"121\">Salinas<\/option><option data-icon=\"\" data-custom-field=\"\" value=\"90\">Santa Isabel<\/option><option data-icon=\"\" data-custom-field=\"\" value=\"91\">Yunguilla<\/option><option data-icon=\"\" data-custom-field=\"\" value=\"276\">ZHULLIN<\/option>\t\t\t\t\t<\/select>\n\t\t\t\t<\/div>\n\t\t\t<\/div>\n\t\t<\/div>\n\t<\/div>\n\t\n        <\/div>\n        \n            <\/div>\n<\/form><a class=\"searchform__advanced-button\" href=\"#filter\"><i class=\"fa-solid fa-filter\"><\/i>More<\/a>\t\t\t\t\t<\/div>\n\t\t\t\t\t<div class=\"searchform_advanced\">\n\t\t\t\t\t\t<form action=\"https:\/\/casascuencainmobiliaria.com\/cci\/search-result\/\" class=\"directorist-search-form directorist-advanced-search\">\n    <div class=\"directorist-search-form__box\">\n        <div class=\"directorist-advanced-filter__top\">\n            <h2 class=\"directorist-advanced-filter__title\">Filtros<\/h2>\n            <button class=\"directorist-search-modal__contents__btn directorist-advanced-filter__close\" type=\"button\"  aria-label=\"Sidebar Filter Close Button\">\n                <i class=\"directorist-icon-mask\" aria-hidden=\"true\" style=\"--directorist-icon: url(https:\/\/casascuencainmobiliaria.com\/cci\/wp-content\/plugins\/directorist\/assets\/icons\/font-awesome\/svgs\/solid\/times.svg)\"><\/i>            <\/button>\n        <\/div>\n        <div class=\"directorist-advanced-filter__advanced\">\n        <input type=\"hidden\" name='directory_type' value='venta'>\n                            <div class=\"directorist-advanced-filter__advanced__element directorist-search-field-pricing\">\n<div class=\"directorist-search-field\">\n\n\t\t\t<label>Price<\/label>\n\t\n\t<div class=\"directorist-price-ranges\">\n\n\t\t\n\t\t\t<div class=\"directorist-price-ranges__item directorist-form-group\">\n\t\t\t\t<span class=\"label\">Min<\/span>\n\t\t\t\t<input type=\"number\" name=\"price[0]\" class=\"directorist-form-element price-search-min\" min=\"0\" placeholder=\"0\" value=\"0\">\n\t\t\t<\/div>\n\t\t\t<div class=\"directorist-price-ranges__item directorist-form-group\">\n\t\t\t\t<span class=\"label\">Max<\/span>\n\t\t\t\t<input type=\"number\" name=\"price[1]\" class=\"directorist-form-element\" min=\"0\" placeholder=\"99999\" value=\"\">\n\t\t\t<\/div>\n\t\t\t\n\t\t\n\t\t\n\t<\/div>\n\n<\/div>\n\n<\/div>\n                            <div class=\"directorist-advanced-filter__advanced__element directorist-search-field-number\">\n<div class=\"directorist-search-field directorist-form-group\">\n            <label class=\"directorist-search-field__label\">Ba\u00f1os<\/label>\n        \n    <div class=\"directorist-form-group__with-prefix\">\n        \n        <input class=\"directorist-form-element directorist-search-field__input\" type=\"number\" name=\"custom_field[custom-number-2]\" value=\"\" placeholder=\"Cantidad\" step=\"1\" min=\"0\" >\n\n            <\/div>\n\n    <div class=\"directorist-search-field__btn directorist-search-field__btn--clear\">\n        <i class=\"directorist-icon-mask\" aria-hidden=\"true\" style=\"--directorist-icon: url(https:\/\/casascuencainmobiliaria.com\/cci\/wp-content\/plugins\/directorist\/assets\/icons\/font-awesome\/svgs\/solid\/times-circle.svg)\"><\/i> \n    <\/div>\n\n<\/div><\/div>\n                            <div class=\"directorist-advanced-filter__advanced__element directorist-search-field-number\">\n<div class=\"directorist-search-field directorist-form-group\">\n            <label class=\"directorist-search-field__label\">Habitaciones<\/label>\n        \n    <div class=\"directorist-form-group__with-prefix\">\n        \n        <input class=\"directorist-form-element directorist-search-field__input\" type=\"number\" name=\"custom_field[custom-number]\" value=\"\" placeholder=\"Cantidad\" step=\"1\" min=\"0\" >\n\n            <\/div>\n\n    <div class=\"directorist-search-field__btn directorist-search-field__btn--clear\">\n        <i class=\"directorist-icon-mask\" aria-hidden=\"true\" style=\"--directorist-icon: url(https:\/\/casascuencainmobiliaria.com\/cci\/wp-content\/plugins\/directorist\/assets\/icons\/font-awesome\/svgs\/solid\/times-circle.svg)\"><\/i> \n    <\/div>\n\n<\/div><\/div>\n                            <div class=\"directorist-advanced-filter__advanced__element directorist-search-field-text\">\n<div class=\"directorist-search-field directorist-form-group\">\n\n            <label class=\"directorist-search-field__label\">Garajes<\/label>\n    \n    <input class=\"directorist-form-element directorist-search-field__input\" type=\"text\" name=\"custom_field[custom-text-3]\" value=\"\" placeholder=\"\" >\n    \n    <div class=\"directorist-search-field__btn directorist-search-field__btn--clear\">\n        <i class=\"directorist-icon-mask\" aria-hidden=\"true\" style=\"--directorist-icon: url(https:\/\/casascuencainmobiliaria.com\/cci\/wp-content\/plugins\/directorist\/assets\/icons\/font-awesome\/svgs\/solid\/times-circle.svg)\"><\/i> \n    <\/div>\n    \n<\/div><\/div>\n                        <div class=\"directorist-advanced-filter__action directorist-advanced-filter__action--ajax\">\n                <button type=\"button\" class=\"directorist-btn-reset-js directorist-btn-reset-ajax\">Clear All<\/button>\n            <\/div>\n        <\/div>\n\n         \n\n    <\/div>\n<\/form>\t\t\t\t\t<\/div>\n\t\t\t\t<\/div>\n\n\t\t\t\t\t\t\t\t\n\t\t\t\t\t<div class=\"listing-search-top__header\">\n\t\t\t\t\t\t\n<div class=\"directorist-header-bar\">\n    <div class=\"directorist-container-fluid\">\n        <div class=\"directorist-listings-header\">\n\n            \n                <div class=\"directorist-listings-header__left\">\n\n                                            <button class=\"directorist-btn directorist-btn-sm directorist-filter-btn directorist-modal-btn directorist-modal-btn--full\" aria-label=\"Modal Button\"><i class=\"directorist-icon-mask\" aria-hidden=\"true\" style=\"--directorist-icon: url(https:\/\/casascuencainmobiliaria.com\/cci\/wp-content\/plugins\/directorist\/assets\/icons\/line-awesome\/svgs\/filter-solid.svg)\"><\/i> Filtros<\/button>\n                    \n                    <span class='directorist-header-found-title'><span>0<\/span> Elementos encontrados<\/span>                <\/div>\n\n            \n            \n                <div class=\"directorist-listings-header__right\">\n                    \n<div class=\"directorist-viewas\">\n\t<!-- Archive sidebar offcanvas toggle -->\n\t\t\n\t\t<a class=\"directorist-viewas__item directorist-viewas__item--lista \" href=\"\/cci\/wp-json\/wp\/v2\/pages\/1421?view=list\" aria-label=\"lista view\">\n\t\t\t\t\t\t\t<i class=\"directorist-icon-mask\" aria-hidden=\"true\" style=\"--directorist-icon: url(https:\/\/casascuencainmobiliaria.com\/cci\/wp-content\/plugins\/directorist\/assets\/icons\/font-awesome\/svgs\/solid\/list.svg)\"><\/i>\t\t\t\t\t<\/a>\n\t\n\t\t<a class=\"directorist-viewas__item directorist-viewas__item--mapa \" href=\"\/cci\/wp-json\/wp\/v2\/pages\/1421?view=map\" aria-label=\"mapa view\">\n\t\t\t\t\t\t\t<i class=\"directorist-icon-mask\" aria-hidden=\"true\" style=\"--directorist-icon: url(https:\/\/casascuencainmobiliaria.com\/cci\/wp-content\/plugins\/directorist\/assets\/icons\/font-awesome\/svgs\/regular\/map.svg)\"><\/i>\t\t\t\t\t<\/a>\n\t\n\t\t<a class=\"directorist-viewas__item directorist-viewas__item--cuadr\u00edcula active\" href=\"\/cci\/wp-json\/wp\/v2\/pages\/1421?view=grid\" aria-label=\"cuadr\u00edcula view\">\n\t\t\t\t\t\t\t<i class=\"directorist-icon-mask\" aria-hidden=\"true\" style=\"--directorist-icon: url(https:\/\/casascuencainmobiliaria.com\/cci\/wp-content\/plugins\/directorist\/assets\/icons\/font-awesome\/svgs\/solid\/grip-horizontal.svg)\"><\/i>\t\t\t\t\t<\/a>\n\t<\/div>                <\/div>\n\n            \n        <\/div>\n    <\/div>\n<\/div>\n\t\t\t\t\t<\/div>\n\n\t\t\t\t\n\t\t\t\t<div class=\"listing-search-top__contents\">\n\t\t\t\t\t<section class=\"listing-search-top__listing\">\n\t\t\t\t\t\t\n<div class=\"directorist-archive-items directorist-archive-grid-view \">\n    <div class=\"directorist-container-fluid\">\n\n        \n        \n            <div class=\"directorist-archive-notfound\">No se han encontrado anuncios.<\/div>\n\n            <\/div>\n<\/div>\t\t\t\t\t<\/section>\n\t\t\t\t<\/div>\n\t\t\t<\/div>\n\t\t<\/div>\n\t<\/div>\n\n<\/div><\/div>\t\t\t\t<\/div>\n\t\t\t\t<\/div>\n\t\t\t\t\t<\/div>\n\t\t\t\t<\/div>\n\t\t\t\t<\/div>\n\t\t","protected":false},"excerpt":{"rendered":"<p>Construcciones Keyword Categor\u00eda Escoger Ubicaci\u00f3n Select Location More Filtros Price Min Max Ba\u00f1os Habitaciones Garajes Clear All Filtros 1 Elementos encontrados P007 \u2013 Casa en D\u00e9leg Solando 5 250Cx3000T 3 [&hellip;]<\/p>\n","protected":false},"author":1,"featured_media":0,"parent":0,"menu_order":0,"comment_status":"closed","ping_status":"closed","template":"","meta":{"footnotes":""},"class_list":["post-1421","page","type-page","status-publish","hentry"],"_links":{"self":[{"href":"https:\/\/casascuencainmobiliaria.com\/cci\/wp-json\/wp\/v2\/pages\/1421","targetHints":{"allow":["GET"]}}],"collection":[{"href":"https:\/\/casascuencainmobiliaria.com\/cci\/wp-json\/wp\/v2\/pages"}],"about":[{"href":"https:\/\/casascuencainmobiliaria.com\/cci\/wp-json\/wp\/v2\/types\/page"}],"author":[{"embeddable":true,"href":"https:\/\/casascuencainmobiliaria.com\/cci\/wp-json\/wp\/v2\/users\/1"}],"replies":[{"embeddable":true,"href":"https:\/\/casascuencainmobiliaria.com\/cci\/wp-json\/wp\/v2\/comments?post=1421"}],"version-history":[{"count":7,"href":"https:\/\/casascuencainmobiliaria.com\/cci\/wp-json\/wp\/v2\/pages\/1421\/revisions"}],"predecessor-version":[{"id":1430,"href":"https:\/\/casascuencainmobiliaria.com\/cci\/wp-json\/wp\/v2\/pages\/1421\/revisions\/1430"}],"wp:attachment":[{"href":"https:\/\/casascuencainmobiliaria.com\/cci\/wp-json\/wp\/v2\/media?parent=1421"}],"curies":[{"name":"wp","href":"https:\/\/api.w.org\/{rel}","templated":true}]}}